{"id":13937,"date":"2020-07-02T07:48:31","date_gmt":"2020-07-02T06:48:31","guid":{"rendered":"https:\/\/go2congo.org\/rdc\/?page_id=13937"},"modified":"2020-07-02T07:48:33","modified_gmt":"2020-07-02T06:48:33","slug":"les-grands-projets-en-rdc","status":"publish","type":"page","link":"https:\/\/go2congo.org\/rdc\/les-grands-projets-en-rdc\/","title":{"rendered":"Les grands  projets en RDC"},"content":{"rendered":"<div id=\"wp-socials\" style=\"margin-top:20px;margin-bottom:0px;\"><div id=\"wp-socials-general-btn\"><div id=\"wp-socials-plusone\">\r\n                <!-- Place this tag in your head or just before your close body tag. -->\r\n                <script src=\"https:\/\/apis.google.com\/js\/platform.js\" async defer>\r\n                  {lang: 'fr'}\r\n                <\/script>\r\n\r\n                <!-- Place this tag where you want the share button to render. -->\r\n                <div class=\"g-plus\" data-action=\"share\" data-annotation=\"vertical-bubble\" data-height=\"58\" data-size=\"medium\" data-href=\"https:\/\/go2congo.org\/rdc\/les-grands-projets-en-rdc\/\"><\/div><\/div><div id=\"wp-socials-fb-like\"><iframe src=\"https:\/\/www.facebook.com\/plugins\/like.php?href=https:\/\/go2congo.org\/rdc\/les-grands-projets-en-rdc\/%2F&width=450&layout=button_count&action=like&size=small&show_faces=false&share=true&height=35\" width=\"450\" height=\"35\" style=\"border:none;overflow:hidden\" scrolling=\"no\" frameborder=\"0\" allowTransparency=\"true\"><\/iframe><\/div><div id=\"wp-socials-twitter\"><iframe scrolling=\"no\"\r\n                  src=\"https:\/\/platform.twitter.com\/widgets\/tweet_button.html?size=l&url=https:\/\/go2congo.org\/rdc\/les-grands-projets-en-rdc\/&via=&text=Les grands  projets en RDC\"\r\n                  width=\"140\"\r\n                  height=\"28\"\r\n                  title=\"Twitter Tweet Button\"\r\n                  style=\"border: 0; overflow: hidden;\">\r\n                <\/iframe><\/div><\/div><div style=\"clear:both\"><\/div><\/div>\n<p><strong>Pont Kinshasa-Brazzaville<\/strong><\/p>\n\n\n\n<p>L\u2019infrastructure, dont l\u2019initiative de mise en \u0153uvre remonte \u00e0 plusieurs d\u00e9cennies, est l\u2019un des projets d\u2019int\u00e9gration les plus importants en Afrique centrale. Ces derni\u00e8res ann\u00e9es, elle \u00e9tait devenue un v\u00e9ritable serpent de mer.<\/p>\n\n\n\n<figure class=\"wp-block-image size-large\"><img loading=\"lazy\" width=\"519\" height=\"326\" src=\"https:\/\/go2congo.org\/rdc\/wp-content\/uploads\/2020\/07\/Pont-kinshasa-braza.png\" alt=\"\" class=\"wp-image-13935\" srcset=\"https:\/\/go2congo.org\/rdc\/wp-content\/uploads\/2020\/07\/Pont-kinshasa-braza.png 519w, https:\/\/go2congo.org\/rdc\/wp-content\/uploads\/2020\/07\/Pont-kinshasa-braza-300x188.png 300w, https:\/\/go2congo.org\/rdc\/wp-content\/uploads\/2020\/07\/Pont-kinshasa-braza-150x94.png 150w, https:\/\/go2congo.org\/rdc\/wp-content\/uploads\/2020\/07\/Pont-kinshasa-braza-500x314.png 500w\" sizes=\"(max-width: 519px) 100vw, 519px\" \/><\/figure>\n\n\n\n<p>C\u2019est sous l\u2019impulsion de la Banque africaine de d\u00e9veloppement que le projet rena\u00eet de ses cendres, il y a pr\u00e8s de deux ans. En effet, le 7 novembre 2018, au cours de la premi\u00e8re \u00e9dition de l\u2019Africa Investment Forum (AIF 2018) organis\u00e9 par l\u2019institution \u00e0 Johannesburg, en Afrique du Sud, le ministre de l\u2019Am\u00e9nagement de la R\u00e9publique du Congo, Jean-Jacques Bouya, annonce la conclusion d\u2019un accord de 550 millions&nbsp;de dollars entre son pays et la RDC pour r\u00e9aliser le pont Kinshasa-Brazzaville. La Banque, \u00e0 elle seule, s\u2019engage \u00e0 fournir 210 millions de dollars pour financer le projet.<\/p>\n\n\n\n<p>Pr\u00e9vue pour enjamber le fleuve Congo s\u00e9parant les deux capitales les plus proches du monde sur environ 1&nbsp;575 m\u00e8tres, la nouvelle infrastructure comportera une voie de chemin de fer unique, une route \u00e0 deux voies, des trottoirs et un poste-fronti\u00e8re \u00e0 chaque extr\u00e9mit\u00e9, et sera connect\u00e9e aux infrastructures routi\u00e8res existantes sur chacune des rives du fleuve Congo.<\/p>\n\n\n\n<p>Une fois achev\u00e9e, elle facilitera le d\u00e9veloppement de zones \u00e9conomiques sp\u00e9ciales de part et d\u2019autre du nouveau pont, et stimulera les \u00e9changes humains et \u00e9conomiques. Elle devrait \u00e9galement permettre de r\u00e9duire les risques et co\u00fbts li\u00e9s aux seuls moyens de transport disponibles actuellement pour passer d&#8217;une capitale \u00e0 l&#8217;autre, \u00e0 savoir le bateau et l\u2019avion.<\/p>\n\n\n\n<p>D\u2019apr\u00e8s la Banque africaine de d\u00e9veloppement, gr\u00e2ce au projet, le trafic actuel entre les deux capitales congolaises, estim\u00e9 \u00e0 750&nbsp;000 personnes et \u00e0 340&nbsp;000 tonnes de fret par an, devrait passer \u00e0 plus de trois millions de personnes et \u00e0 deux millions de tonnes de fret d\u2019ici \u00e0 2025.&nbsp;&nbsp;<\/p>\n\n\n\n<p>Gr\u00e2ce au projet, le trafic actuel entre les deux capitales, estim\u00e9 \u00e0 750&nbsp;000 personnes et \u00e0 340&nbsp;000 tonnes de fret par an, devrait passer \u00e0 plus de 3 millions de personnes et \u00e0 2 millions de tonnes de fret d\u2019ici \u00e0 2025.&nbsp;<\/p>\n<div id=\"wp-socials\" style=\"margin-top:20px;margin-bottom:0px;\"><div id=\"wp-socials-general-btn\"><div id=\"wp-socials-plusone\">\r\n                <!-- Place this tag in your head or just before your close body tag. -->\r\n                <script src=\"https:\/\/apis.google.com\/js\/platform.js\" async defer>\r\n                  {lang: 'fr'}\r\n                <\/script>\r\n\r\n                <!-- Place this tag where you want the share button to render. -->\r\n                <div class=\"g-plus\" data-action=\"share\" data-annotation=\"vertical-bubble\" data-height=\"58\" data-size=\"medium\" data-href=\"https:\/\/go2congo.org\/rdc\/les-grands-projets-en-rdc\/\"><\/div><\/div><div id=\"wp-socials-fb-like\"><iframe src=\"https:\/\/www.facebook.com\/plugins\/like.php?href=https:\/\/go2congo.org\/rdc\/les-grands-projets-en-rdc\/%2F&width=450&layout=button_count&action=like&size=small&show_faces=false&share=true&height=35\" width=\"450\" height=\"35\" style=\"border:none;overflow:hidden\" scrolling=\"no\" frameborder=\"0\" allowTransparency=\"true\"><\/iframe><\/div><div id=\"wp-socials-twitter\"><iframe scrolling=\"no\"\r\n                  src=\"https:\/\/platform.twitter.com\/widgets\/tweet_button.html?size=l&url=https:\/\/go2congo.org\/rdc\/les-grands-projets-en-rdc\/&via=&text=Les grands  projets en RDC\"\r\n                  width=\"140\"\r\n                  height=\"28\"\r\n                  title=\"Twitter Tweet Button\"\r\n                  style=\"border: 0; overflow: hidden;\">\r\n                <\/iframe><\/div><\/div><div style=\"clear:both\"><\/div><\/div>","protected":false},"excerpt":{"rendered":"<div id=\"wp-socials\" style=\"margin-top:20px;margin-bottom:0px;\"><div id=\"wp-socials-general-btn\"><div id=\"wp-socials-plusone\">\r\n                <!-- Place this tag in your head or just before your close body tag. -->\r\n                <script src=\"https:\/\/apis.google.com\/js\/platform.js\" async defer>\r\n                  {lang: 'fr'}\r\n                <\/script>\r\n\r\n                <!-- Place this tag where you want the share button to render. -->\r\n                <div class=\"g-plus\" data-action=\"share\" data-annotation=\"vertical-bubble\" data-height=\"58\" data-size=\"medium\" data-href=\"https:\/\/go2congo.org\/rdc\/les-grands-projets-en-rdc\/\"><\/div><\/div><div id=\"wp-socials-fb-like\"><iframe src=\"https:\/\/www.facebook.com\/plugins\/like.php?href=https:\/\/go2congo.org\/rdc\/les-grands-projets-en-rdc\/%2F&width=450&layout=button_count&action=like&size=small&show_faces=false&share=true&height=35\" width=\"450\" height=\"35\" style=\"border:none;overflow:hidden\" scrolling=\"no\" frameborder=\"0\" allowTransparency=\"true\"><\/iframe><\/div><div id=\"wp-socials-twitter\"><iframe scrolling=\"no\"\r\n                  src=\"https:\/\/platform.twitter.com\/widgets\/tweet_button.html?size=l&url=https:\/\/go2congo.org\/rdc\/les-grands-projets-en-rdc\/&via=&text=Les grands  projets en RDC\"\r\n                  width=\"140\"\r\n                  height=\"28\"\r\n                  title=\"Twitter Tweet Button\"\r\n                  style=\"border: 0; overflow: hidden;\">\r\n                <\/iframe><\/div><\/div><div style=\"clear:both\"><\/div><\/div><p>Pont Kinshasa-Brazzaville L\u2019infrastructure, dont l\u2019initiative de mise en \u0153uvre remonte \u00e0 plusieurs d\u00e9cennies, est l\u2019un des projets d\u2019int\u00e9gration les plus importants en Afrique centrale. Ces&#8230;<\/p>\n<div id=\"wp-socials\" style=\"margin-top:20px;margin-bottom:0px;\"><div id=\"wp-socials-general-btn\"><div id=\"wp-socials-plusone\">\r\n                <!-- Place this tag in your head or just before your close body tag. -->\r\n                <script src=\"https:\/\/apis.google.com\/js\/platform.js\" async defer>\r\n                  {lang: 'fr'}\r\n                <\/script>\r\n\r\n                <!-- Place this tag where you want the share button to render. -->\r\n                <div class=\"g-plus\" data-action=\"share\" data-annotation=\"vertical-bubble\" data-height=\"58\" data-size=\"medium\" data-href=\"https:\/\/go2congo.org\/rdc\/les-grands-projets-en-rdc\/\"><\/div><\/div><div id=\"wp-socials-fb-like\"><iframe src=\"https:\/\/www.facebook.com\/plugins\/like.php?href=https:\/\/go2congo.org\/rdc\/les-grands-projets-en-rdc\/%2F&width=450&layout=button_count&action=like&size=small&show_faces=false&share=true&height=35\" width=\"450\" height=\"35\" style=\"border:none;overflow:hidden\" scrolling=\"no\" frameborder=\"0\" allowTransparency=\"true\"><\/iframe><\/div><div id=\"wp-socials-twitter\"><iframe scrolling=\"no\"\r\n                  src=\"https:\/\/platform.twitter.com\/widgets\/tweet_button.html?size=l&url=https:\/\/go2congo.org\/rdc\/les-grands-projets-en-rdc\/&via=&text=Les grands  projets en RDC\"\r\n                  width=\"140\"\r\n                  height=\"28\"\r\n                  title=\"Twitter Tweet Button\"\r\n                  style=\"border: 0; overflow: hidden;\">\r\n                <\/iframe><\/div><\/div><div style=\"clear:both\"><\/div><\/div>","protected":false},"author":2,"featured_media":0,"parent":0,"menu_order":0,"comment_status":"closed","ping_status":"closed","template":"","meta":[],"uagb_featured_image_src":{"full":false,"thumbnail":false,"medium":false,"medium_large":false,"large":false,"1536x1536":false,"2048x2048":false,"grace-mag-thumbnail-one":false,"grace-mag-thumbnail-two":false,"woocommerce_thumbnail":false,"woocommerce_single":false,"woocommerce_gallery_thumbnail":false,"shop_catalog":false,"shop_single":false,"shop_thumbnail":false},"uagb_author_info":{"display_name":"belhabib","author_link":"https:\/\/go2congo.org\/rdc\/author\/nejib\/"},"uagb_comment_info":0,"uagb_excerpt":"Pont Kinshasa-Brazzaville L\u2019infrastructure, dont l\u2019initiative de mise en \u0153uvre remonte \u00e0 plusieurs d\u00e9cennies, est l\u2019un des projets d\u2019int\u00e9gration les plus importants en Afrique centrale. Ces...","_links":{"self":[{"href":"https:\/\/go2congo.org\/rdc\/wp-json\/wp\/v2\/pages\/13937"}],"collection":[{"href":"https:\/\/go2congo.org\/rdc\/wp-json\/wp\/v2\/pages"}],"about":[{"href":"https:\/\/go2congo.org\/rdc\/wp-json\/wp\/v2\/types\/page"}],"author":[{"embeddable":true,"href":"https:\/\/go2congo.org\/rdc\/wp-json\/wp\/v2\/users\/2"}],"replies":[{"embeddable":true,"href":"https:\/\/go2congo.org\/rdc\/wp-json\/wp\/v2\/comments?post=13937"}],"version-history":[{"count":2,"href":"https:\/\/go2congo.org\/rdc\/wp-json\/wp\/v2\/pages\/13937\/revisions"}],"predecessor-version":[{"id":13939,"href":"https:\/\/go2congo.org\/rdc\/wp-json\/wp\/v2\/pages\/13937\/revisions\/13939"}],"wp:attachment":[{"href":"https:\/\/go2congo.org\/rdc\/wp-json\/wp\/v2\/media?parent=13937"}],"curies":[{"name":"wp","href":"https:\/\/api.w.org\/{rel}","templated":true}]}}